 27*k + 7. What is c(13)?
-6
Let a(g) = -3*g**2 - g + 4. What is a(2)?
-10
Let d(s) = s**3 + 6*s**2 + s - 3. Give d(-6).
-9
Let r(d) = -d**3 - 4*d**2 + 4*d - 1. Determine r(-5).
4
Let f(o) = -o**3 + 8*o**2 - 7*o - 2. Determine f(7).
-2
Let x(g) = g**2 - 24*g + 17. Determine x(23).
-6
Let t(q) = q - 10. What is t(6)?
-4
Let z(o) = o**3 + 9*o**2 - o - 7. Determine z(-9).
2
Let r(c) = -c**3 + 5*c - 3. Calculate r(3).
-15
Let o(i) = -19*i + 3. Give o(1).
-16
Let p(d) = -d**2 - 7*d + 9. Calculate p(-7).
9
Let r(h) = 66*h**2 + 17*h - 16. Calculate r(1).
67
Let z(f) = 10*f + 59. Calculate z(-6).
-1
Let a(s) = 38*s + 298. Determine a(-8).
-6
Let n(f) = f**3 + 7*f**2 + 3*f - 13. Give n(-6).
5
Let i(y) = 19*y**3 - 2*y**2 - y. Calculate i(-1).
-20
Let a(d) = -d**2 + 20*d - 4. Determine a(20).
-4
Let q(c) = c**2 - 2*c + 2. Determine q(3).
5
Let f(c) = 28*c + 164. Give f(-6).
-4
Let s(a) = -2*a + 48. What is s(24)?
0
Let z(p) = p**2 - 16*p - 33. What is z(24)?
159
Let r(d) = -d**3 - 5*d**2 + 5. What is r(-4)?
-11
Let p(h) = 74*h + 297. Determine p(-4).
1
Let g(a) = -207*a - 1658. What is g(-8)?
-2
Let c(s) = 4*s - 22. Determine c(7).
6
Let j(x) = 3*x**3 - 3*x**2 + 2*x. What is j(2)?
16
Let o(x) = x**3 - 6*x**2 + 3*x - 1. Calculate o(5).
-11
Let b(i) = i**2 - 4*i - 4. Calculate b(6).
8
Let q(r) = -2*r**2 - 39*r - 148. Give q(-14).
6
Let z(q) = -3*q**3 - 2*q**2 - 1. Give z(-2).
15
Let r(u) = 17*u**3 - 3*u - 2. Determine r(-1).
-16
Let a(x) = -x**2 - 41*x + 88. Calculate a(-43).
2
Let x(p) = -p**2 + 17*p + 14. Calculate x(15).
44
Let c(m) = -m**2 - m. Calculate c(2).
-6
Let d(h) = h**2 - 26*h + 130. Give d(7).
-3
Let y(q) = -q**3 + 13*q**2 - 6*q + 78. Calculate y(13).
0
Let f(n) = n**3 + 3*n**2 - n - 1. What is f(-3)?
2
Let a(z) = z**3 + 4*z**2 + z + 2. Give a(-5).
-28
Let h(f) = f**2 - 54*f - 435. Give h(-7).
-8
Let u(j) = -23*j**3 - j - 1. What is u(-1)?
23
Let l(r) = r**3 + 3*r**2 - 3*r + 4. Calculate l(-5).
-31
Let u(v) = -3*v**2 + 1. Give u(1).
-2
Let o(h) = h**2 + 17*h + 10. Give o(-16).
-6
Let y(d) = -3*d**2 - 14*d + 3. Calculate y(-5).
-2
Let a(c) = -38*c**2. Give a(1).
-38
Let z(u) = 5*u - 4. What is z(-1)?
-9
Let n(j) = 4*j. Calculate n(6).
24
Let z(o) = -2*o**2 - 12*o + 16. What is z(-7)?
2
Let v(s) = -2*s**2 + 24*s - 40. What is v(10)?
0
Let f(t) = t**3 + 10*t**2 - 37*t + 25. Give f(-13).
-1
Let p(l) = l + 16. Determine p(0).
16
Let v(u) = -u + 27. Calculate v(-13).
40
Let z(f) = f + 6. Give z(-12).
-6
Let d(w) = -w**3 - 13*w**2 - 11*w + 15. Give d(-12).
3
Let o(t) = -2*t**2 + 10*t - 9. What is o(6)?
-21
Let h(b) = b**2 + 9*b + 6. What is h(-7)?
-8
Let r(b) = -b**2 + 21*b - 73. Determine r(5).
7
Let l(u) = -5*u**2 + u + 1. What is l(-2)?
-21
Let f(x) = -x - 34. Calculate f(-15).
-19
Let s(l) = -l**3 + 4*l**2 - 2*l + 6. What is s(3)?
9
Let b(d) = -d**3 - 14*d**2 + 13*d - 33. Give b(-15).
-3
Let p(f) = f**2 + 6*f. Give p(-7).
7
Let u(r) = r**2 + 12*r + 10. Calculate u(-8).
-22
Let k(l) = l + 21. Determine k(-7).
14
Let k(h) = -2*h - 16. Give k(-9).
2
Let t(n) = 2*n**2 - 14*n - 9. Determine t(8).
7
Let b(s) = -2*s + 39. Give b(20).
-1
Let n(k) = -k**2 + 16*k - 22. Calculate n(13).
17
Let s(q) = -q**3 - 6*q**2 + 17*q + 74. Determine s(-7).
4
Let u(c) = -c**3 - 9*c**2 + 3*c + 4. Determine u(-9).
-23
Let f(i) = 34*i + 59. Give f(-5).
-111
Let v(n) = -n - 27. What is v(-17)?
-10
Let l(u) = 6*u + 114. Calculate l(-20).
-6
Let o(f) = f**3 + 18*f**2 + 32*f - 2. What is o(-16)?
-2
Let s(z) = -6*z**3 - 2*z**2 - 2*z - 2. Determine s(-1).
4
Let k(s) = -2*s + 1. Calculate k(6).
-11
Let v(g) = g**3 + g**2 - 2. What is v(2)?
10
Let h(s) = -17*s - 46. Calculate h(-5).
39
Let x(s) = -s - 12. Calculate x(-7).
-5
Let v(f) = f**3 - 8*f**2 - 2*f + 17. Determine v(8).
1
Let x(d) = 3*d + 60. Determine x(-22).
-6
Let q(p) = -22*p - 79. Give q(-4).
9
Let g(x) = x**2 + 4*x - 27. What is g(4)?
5
Let m(t) = 3*t + 38. Determine m(-14).
-4
Let h(w) = -5*w. Determine h(3).
-15
Let u(v) = -3*v - 27. Calculate u(-8).
-3
Let r(n) = -n**3 + 12*n**2 - 34*n + 6. What is r(8)?
-10
Let y(q) = 3*q + 17. Determine y(-7).
-4
Let a(o) = o**3 - 4*o**2 - 2*o + 4. What is a(3)?
-11
Let h(i) = 90*i - 439. Calculate h(5).
11
Let x(r) = r**3 - 62*r**2 - 69*r + 387. Calculate x(63).
9
Let d(u) = -64*u + 383. Give d(6).
-1
Let t(i) = -i**3 + 5*i**2 - 13*i + 3. Calculate t(3).
-18
Let r(c) = c**2 + 1. Calculate r(-3).
10
Let b(p) = 3*p**2 - 8*p - 5. What is b(4)?
11
Let n(g) = -18*g**2 - 12*g - 11. Calculate n(-1).
-17
Let j(g) = -g**3 + 3*g**2 + 30*g - 16. What is j(7)?
-2
Let d(z) = z**2 - z - 3. Determine d(4).
9
Let h(q) = q**3 + 9*q**2 - 3*q - 26. What is h(-9)?
1
Let o(d) = 3*d**3 + d**2 - 5*d - 5. Calculate o(-2).
-15
Let i(y) = y**3 - 11*y**2 + 11*y - 10. Give i(10).
0
Let b(h) = h**3 + 16*h**2 + 9*h - 29. Give b(-15).
61
Let o(f) = f**2 - 16*f + 17. What is o(15)?
2
Let y(h) = -2*h + 6. Determine y(0).
6
Let h(l) = -l**3 + 10*l**2 - 9*l + 15. Give h(10).
-75
Let b(l) = l**3 - 4*l - 4. Determine b(-3).
-19
Let m(n) = -14*n + 2. Give m(1).
-12
Let p(y) = -20*y - 229. Calculate p(-11).
-9
Let s(f) = f + 8. What is s(0)?
8
Let u(c) = -c**3 + c + 22. What is u(0)?
22
Let d(s) = -s**2 + 7*s - 9. What is d(6)?
-3
Let s(j) = j**2 + 6*j - 27. Calculate s(-7).
-20
Let a(k) = k**3 - 9*k**2 + 11*k - 5. Determine a(7).
-26
Let f(d) = d**3 + 7*d**2 + 7*d + 19. Give f(-6).
13
Let t(w) = -w - 28. What is t(-6)?
-22
Let n(u) = 9*u**2 + u. What is n(1)?
10
Let x(j) = -8*j + 13. Give x(6).
-35
Let l(f) = -f**2 - 12*f - 6. Determine l(-9).
21
Let b(r) = r**3 + 9*r**2 + 11*r + 7. What is b(-8)?
-17
Let g(w) = -w**3 - 7*w**2 - 4*w - 1. Give g(-7).
27
Let n(h) = 2*h**2 + 6*h + 6. Determine n(-2).
2
Let w(d) = -d + 14. Give w(6).
8
Let i(z) = 47*z - 305. Determine i(6).
-23
Let y(w) = w**2 + 16*w - 23. What is y(-17)?
-6
Let w(h) = 2*h + 11. Give w(-5).
1
Let v(q) = 3*q**2 - 29*q + 9. Calculate v(9).
-9
Let j(t) = 13*t + 98. Calculate j(-8).
-6
Let q(f) = -2*f**2 - 108*f - 412. Give q(-50).
-12
Let g(y) = -y**3 - 9*y**2 - 11*y - 27. Determine g(-8).
-3
Let v(k) = k**3 + 8*k**2 + 8*k - 6. Determine v(-7).
-13
Let y(i) = -3*i + 7. Give y(8).
-17
Let g(c) = -5*c - 2. What is g(1)?
-7
Let f(o) = 2*o**2 - 4*o - 72. Give f(0).
-72
Let x(n) = 2*n**3 - 19*n**2 - 7*n - 28. Calculate x(10).
2
Let a(w) = -w**3 + 8*w**2 + 4*w - 1. Give a(4).
79
Let q(n) = 17*n - 124. Calculate q(7).
-5
Let i(f) = f**3 + 4*f**2 - 7*f - 20. What is i(-4)?
8
Let g(y) = -y**2 + 3*y - 4. Calculate g(6).
-22
Let u(i) = 2*i**2 + 18*i + 36. What is u(-5)?
-4
Let a(p) = p**3 + 8*p**2 + 4*p - 2. What is a(-7)?
19
Let o(i) = i**3 - 9*i**2 - 4*i - 24. Give o(10).
36
Let p(o) = 25*o + 47. Give p(-4).
-53
Let n(c) = 7*c + 21. Give n(-6).
-21
Let d(l) = l**3 + 5*l**2 - 13*l - 45. Calculate d(-6).
-3
Let w(r) = r**2 + 4*r - 20. What is w(-6)?
-8
Let l(d) = -84*d + 506. Give l(6).
2
Let j(z) = 75*z**2 - z. Determine j(1).
74
Let k(b) = 2*b - 31. Determine k(8).
-15
Let v(m) = -m**3 - 5*m**2 - 16*m - 45. Calculate v(-4).
3
Let k(t) = t**3 + 8*t**2 - 6*t + 17. Determine k(-9).
-10
Let h(w) = -w**3 - 15*w**2 - 28*w - 17. Calculate h(-13).
9
Let g(r) = -r**3 + 9*r**2 + 2*r - 11. Determine g(9).
7
Let b(g) = 11*g + 12. Calculate b(-1).
1
Let u(k) = -13*k + 2. What is u(-1)?
15
Let t(k) = -2*k - 45. What is t(-26)?
7
Let h(k) = -21*k + 4. What is h(7)?
-143
Let b(f) = -21*f + 26. What is b(4)?
-58
Let s(z) = -10*z + 62. Determine s(7).
-8
Let b(z) = -z**2 - 10*z + 18. Give b(-11).
7
Let p(k) = -k**2 + 4*k - 4. What is p(6)?
-16
Let i(d) = -d**3 - d - 18. Determine i(0).
-18
Let t(u) = -2*u**2 - 3*u + 2. Determine t(2).
-12
Let d(k) = -4*k**2 + 26*k. Determine d(7).
-14
Let m(g) = -g**2 + 13*g - 19. Give m(8).
21
Let j(f) = f**2 - 46*f - 38. Calculate j(47).
9
Let x(u) = -4*u**2 + 3*u - 1. Determine x(2).
-11
Let r(i) = -i**3 + 10*i**2 - 14*i - 9. What is r(6)?
51
Let z(t) = -t**3 + 7*t**2 - 7*t + 8. Give z(6).
2
Let r(v) = -v**3 + 11*v**2 - 10*v - 8. Determine r(10).
-8
Let a(w) = -16*w - 6. Give a(-6).
90
Let r(m) = m + 7. What is r(5)?
12
Let k(z) = 23*z**2 + 1. What is k(1)?
24
Let h(u) = -2*u**2 + 4*u + 8. Give h(4).
-8
Let g(n) = -n**2 - n + 4. Determine g(-5).
-16
Let g(d) = 11*d - 25. Determine g(11).
96
Let z(p) = 29*p + 6. Give z(0).
6
Let x(c) = c**3 